{"id":1710,"date":"2024-05-24T11:42:34","date_gmt":"2024-05-24T11:42:34","guid":{"rendered":"https:\/\/anadoluosgb.com.tr\/?page_id=1710"},"modified":"2024-05-29T11:03:29","modified_gmt":"2024-05-29T11:03:29","slug":"risk-degerlendirmesi","status":"publish","type":"page","link":"https:\/\/anadoluosgb.com.tr\/index.php\/risk-degerlendirmesi\/","title":{"rendered":"Risk De\u011ferlendirmesi"},"content":{"rendered":"\t\t<div data-elementor-type=\"wp-page\" data-elementor-id=\"1710\" class=\"elementor elementor-1710\">\n\t\t\t\t<div class=\"elementor-element elementor-element-8e992cc e-flex e-con-boxed e-con e-parent\" data-id=\"8e992cc\" data-element_type=\"container\">\n\t\t\t\t\t<div class=\"e-con-inner\">\n\t\t\t\t<div class=\"elementor-element elementor-element-683df62 elementor-widget elementor-widget-heading\" data-id=\"683df62\" data-element_type=\"widget\" data-widget_type=\"heading.default\">\n\t\t\t\t<div class=\"elementor-widget-container\">\n\t\t\t<style>\/*! elementor - v3.21.0 - 22-05-2024 *\/\n.elementor-heading-title{padding:0;margin:0;line-height:1}.elementor-widget-heading .elementor-heading-title[class*=elementor-size-]>a{color:inherit;font-size:inherit;line-height:inherit}.elementor-widget-heading .elementor-heading-title.elementor-size-small{font-size:15px}.elementor-widget-heading .elementor-heading-title.elementor-size-medium{font-size:19px}.elementor-widget-heading .elementor-heading-title.elementor-size-large{font-size:29px}.elementor-widget-heading .elementor-heading-title.elementor-size-xl{font-size:39px}.elementor-widget-heading .elementor-heading-title.elementor-size-xxl{font-size:59px}<\/style><h2 class=\"elementor-heading-title elementor-size-default\">Risk De\u011ferlendirmesi<\/h2>\t\t<\/div>\n\t\t\t\t<\/div>\n\t\t\t\t\t<\/div>\n\t\t\t\t<\/div>\n\t\t<div class=\"elementor-element elementor-element-1d1865f e-flex e-con-boxed e-con e-parent\" data-id=\"1d1865f\" data-element_type=\"container\">\n\t\t\t\t\t<div class=\"e-con-inner\">\n\t\t<div class=\"elementor-element elementor-element-5cc22a5 e-con-full e-flex e-con e-child\" data-id=\"5cc22a5\" data-element_type=\"container\">\n\t\t\t\t<\/div>\n\t\t<div class=\"elementor-element elementor-element-397e32f e-con-full e-flex e-con e-child\" data-id=\"397e32f\" data-element_type=\"container\">\n\t\t\t\t<div class=\"elementor-element elementor-element-9d01356 elementor-widget elementor-widget-text-editor\" data-id=\"9d01356\" data-element_type=\"widget\" data-widget_type=\"text-editor.default\">\n\t\t\t\t<div class=\"elementor-widget-container\">\n\t\t\t<style>\/*! elementor - v3.21.0 - 22-05-2024 *\/\n.elementor-widget-text-editor.elementor-drop-cap-view-stacked .elementor-drop-cap{background-color:#69727d;color:#fff}.elementor-widget-text-editor.elementor-drop-cap-view-framed .elementor-drop-cap{color:#69727d;border:3px solid;background-color:transparent}.elementor-widget-text-editor:not(.elementor-drop-cap-view-default) .elementor-drop-cap{margin-top:8px}.elementor-widget-text-editor:not(.elementor-drop-cap-view-default) .elementor-drop-cap-letter{width:1em;height:1em}.elementor-widget-text-editor .elementor-drop-cap{float:left;text-align:center;line-height:1;font-size:50px}.elementor-widget-text-editor .elementor-drop-cap-letter{display:inline-block}<\/style>\t\t\t\t<p>Olumsuz i\u015fyeri ko\u015fullar\u0131, \u00fcr\u00fcn ve malzeme kayb\u0131na, i\u015f ekipmanlar\u0131n\u0131n hasar g\u00f6rmesine neden olabildi\u011fi gibi, \u015firketlerin en \u00f6nemli sermayesi olan kalifiye \u00e7al\u0131\u015fanlar\u0131n\u0131n yaralanmalar\u0131na, hastalanmalar\u0131na, uzuvlar\u0131n\u0131 kaybetmelerine hatta ve hatta \u00f6l\u00fcmlerine de neden olabilir.<\/p><p>\u0130\u015f Sa\u011fl\u0131\u011f\u0131 ve G\u00fcvenli\u011fi Kanunu\u2019nun 10. Maddesinde belirtildi\u011fi gibi, olumsuz \u00e7al\u0131\u015fma ortamlar\u0131n\u0131 tespit edebilmek ve gereken \u00f6nlemleri al\u0131p, bu ortamlar\u0131 sa\u011fl\u0131kl\u0131 ve g\u00fcvenli k\u0131labilmek i\u00e7in Risk De\u011ferlendirmesi yap\u0131lmal\u0131d\u0131r. Risk De\u011ferlendirmesi t\u00fcm mesleklerdeki \u00e7al\u0131\u015fma alanlar\u0131n\u0131 kapsamaktad\u0131r.<\/p><p>Risk analizi konusunda verdi\u011fimiz hizmetler ana ba\u015fl\u0131klar olarak \u015funlard\u0131r ;<\/p><ul><li>\u0130\u015fyeri Risk De\u011ferlendirmesi \u00c7al\u0131\u015fmas\u0131<\/li><li>Akaryak\u0131t ve Dolum \u0130stasyonlar\u0131nda Risk De\u011ferlendirmesi<\/li><li>Ergonomi Risk De\u011ferlendirmesi<\/li><li>Spesifik Risk De\u011ferlendirmesi \u00c7al\u0131\u015fmalar\u0131 (Kimyasallar, Biyolojik Maddeler, Patlay\u0131c\u0131 Ortamlar vb.)<\/li><li>Dok\u00fcmantasyon<\/li><\/ul>\t\t\t\t\t\t<\/div>\n\t\t\t\t<\/div>\n\t\t\t\t<\/div>\n\t\t\t\t\t<\/div>\n\t\t\t\t<\/div>\n\t\t\t\t<\/div>\n\t\t","protected":false},"excerpt":{"rendered":"<p>Risk De\u011ferlendirmesi Olumsuz i\u015fyeri ko\u015fullar\u0131, \u00fcr\u00fcn ve malzeme kayb\u0131na, i\u015f ekipmanlar\u0131n\u0131n hasar g\u00f6rmesine neden olabildi\u011fi gibi, \u015firketlerin en \u00f6nemli sermayesi olan kalifiye \u00e7al\u0131\u015fanlar\u0131n\u0131n yaralanmalar\u0131na, hastalanmalar\u0131na, uzuvlar\u0131n\u0131 kaybetmelerine hatta ve hatta \u00f6l\u00fcmlerine de neden olabilir. \u0130\u015f Sa\u011fl\u0131\u011f\u0131 ve G\u00fcvenli\u011fi Kanunu\u2019nun 10. Maddesinde belirtildi\u011fi gibi, olumsuz \u00e7al\u0131\u015fma ortamlar\u0131n\u0131 tespit edebilmek ve gereken \u00f6nlemleri al\u0131p, bu ortamlar\u0131 sa\u011fl\u0131kl\u0131 [&hellip;]<\/p>\n","protected":false},"author":1,"featured_media":0,"parent":0,"menu_order":0,"comment_status":"closed","ping_status":"closed","template":"","meta":{"_joinchat":[],"footnotes":""},"class_list":["post-1710","page","type-page","status-publish","hentry"],"acf":[],"_links":{"self":[{"href":"https:\/\/anadoluosgb.com.tr\/index.php\/wp-json\/wp\/v2\/pages\/1710","targetHints":{"allow":["GET"]}}],"collection":[{"href":"https:\/\/anadoluosgb.com.tr\/index.php\/wp-json\/wp\/v2\/pages"}],"about":[{"href":"https:\/\/anadoluosgb.com.tr\/index.php\/wp-json\/wp\/v2\/types\/page"}],"author":[{"embeddable":true,"href":"https:\/\/anadoluosgb.com.tr\/index.php\/wp-json\/wp\/v2\/users\/1"}],"replies":[{"embeddable":true,"href":"https:\/\/anadoluosgb.com.tr\/index.php\/wp-json\/wp\/v2\/comments?post=1710"}],"version-history":[{"count":4,"href":"https:\/\/anadoluosgb.com.tr\/index.php\/wp-json\/wp\/v2\/pages\/1710\/revisions"}],"predecessor-version":[{"id":1924,"href":"https:\/\/anadoluosgb.com.tr\/index.php\/wp-json\/wp\/v2\/pages\/1710\/revisions\/1924"}],"wp:attachment":[{"href":"https:\/\/anadoluosgb.com.tr\/index.php\/wp-json\/wp\/v2\/media?parent=1710"}],"curies":[{"name":"wp","href":"https:\/\/api.w.org\/{rel}","templated":true}]}}